e greatest common divisor of 1494115 and 35?
35
What is the highest common factor of 23876 and 376?
188
What is the highest common factor of 75 and 14142225?
75
Calculate the greatest common divisor of 200 and 4385.
5
What is the greatest common divisor of 92096 and 128?
64
Calculate the greatest common factor of 330100 and 75.
25
Calculate the greatest common factor of 5544 and 181368.
792
Calculate the highest common factor of 43 and 567170.
43
Calculate the greatest common factor of 624 and 347568.
624
Calculate the greatest common divisor of 122622 and 107.
107
Calculate the greatest common divisor of 17766 and 3510.
54
Calculate the highest common divisor of 7401835 and 105.
35
Calculate the greatest common divisor of 15752 and 537.
179
Calculate the greatest common factor of 5991 and 195.
3
Calculate the greatest common factor of 35332 and 484.
484
What is the highest common divisor of 945091 and 2009?
287
Calculate the greatest common factor of 1023 and 7627488.
1023
What is the greatest common divisor of 8525 and 13475?
275
What is the highest common factor of 299 and 14398?
23
Calculate the highest common factor of 9 and 196218.
9
What is the highest common divisor of 125 and 37675?
25
Calculate the highest common divisor of 1767 and 551.
19
Calculate the greatest common divisor of 216219 and 3.
3
Calculate the highest common divisor of 84 and 36183.
21
What is the greatest common factor of 3996 and 252?
36
Calculate the greatest common factor of 27141 and 1308.
327
Calculate the highest common divisor of 324 and 363204.
324
What is the greatest common divisor of 54 and 846?
18
What is the greatest common factor of 4794 and 2754?
102
Calculate the greatest common factor of 531 and 16284.
177
What is the greatest common divisor of 174 and 1278?
6
What is the greatest common divisor of 15045 and 135?
15
What is the highest common divisor of 2034 and 51076?
226
What is the greatest common divisor of 1350 and 50598?
54
Calculate the greatest common divisor of 648 and 303552.
72
Calculate the greatest common factor of 73 and 97.
1
What is the greatest common factor of 558 and 868899?
93
Calculate the highest common divisor of 183 and 1263.
3
Calculate the greatest common factor of 1258 and 23273.
629
Calculate the greatest common divisor of 3774 and 1683.
51
Calculate the greatest common factor of 57 and 6219.
3
Calculate the highest common factor of 438 and 462.
6
Calculate the highest common divisor of 9763463 and 1893.
631
Calculate the greatest common divisor of 126 and 110574.
18
What is the greatest common divisor of 9081 and 279?
9
Calculate the highest common factor of 350325 and 225.
225
Calculate the highest common factor of 7992 and 8288.
296
Calculate the highest common divisor of 121 and 27962.
11
What is the greatest common divisor of 2106 and 126036?
162
What is the highest common factor of 172599 and 49?
7
Calculate the highest common factor of 22 and 42867.
11
What is the highest common divisor of 674 and 387887?
337
What is the greatest common factor of 319 and 41536?
11
What is the highest common factor of 285 and 30590?
95
Calculate the highest common divisor of 203 and 1333304.
203
Calculate the greatest common divisor of 30378 and 1464.
366
Calculate the highest common divisor of 24 and 179008.
8
Calculate the highest common divisor of 633203 and 9565.
1913
Calculate the greatest common divisor of 944727 and 84.
21
What is the highest common divisor of 2541 and 17941?
77
What is the highest common factor of 621168 and 48?
48
Calculate the highest common factor of 2700208 and 48.
16
Calculate the highest common divisor of 229736 and 7896.
376
Calculate the highest common divisor of 172679 and 39.
13
Calculate the greatest common divisor of 7329 and 2709.
21
Calculate the highest common divisor of 1 and 443.
1
Calculate the greatest common factor of 25677 and 7291.
317
Calculate the greatest common divisor of 152828 and 832.
52
What is the greatest common divisor of 162 and 24597?
27
Calculate the greatest common factor of 16841 and 88.
11
What is the highest common divisor of 22127 and 7?
7
What is the greatest common factor of 18552315 and 15?
15
What is the greatest common factor of 48937 and 161?
7
What is the greatest common divisor of 630420 and 12?
12
What is the greatest common factor of 365 and 528155?
365
What is the greatest common factor of 1008 and 171584?
112
Calculate the highest common divisor of 59 and 181661.
59
What is the greatest common divisor of 11 and 287210?
11
Calculate the highest common divisor of 639557 and 17.
17
Calculate the greatest common factor of 206 and 685774.
206
Calculate the highest common divisor of 1244322 and 324.
162
What is the highest common factor of 45 and 177420?
15
Calculate the greatest common divisor of 96496 and 3586.
326
Calculate the highest common factor of 6944 and 49280.
224
What is the greatest common divisor of 83767 and 211?
211
Calculate the highest common divisor of 43004 and 65.
13
Calculate the highest common divisor of 2604 and 45818.
62
What is the greatest common divisor of 531 and 118944?
531
What is the greatest common factor of 15760 and 1040?
80
Calculate the greatest common divisor of 95 and 437.
19
What is the highest common factor of 294 and 2611?
7
What is the highest common divisor of 72666 and 126?
18
What is the highest common factor of 24 and 46961?
1
What is the highest common divisor of 27016 and 22?
22
Calculate the greatest common factor of 1459 and 677.
1
What is the greatest common factor of 2347532 and 44?
44
What is the highest common divisor of 11 and 3402?
1
Calculate the highest common divisor of 417 and 16.
1
Calculate the greatest common divisor of 72039 and 185.
37
Calculate the highest common factor of 315 and 1393.
7
What is the greatest common factor of 7546 and 266?
14
What is the highest common factor of 928358 and 1252?
626
What is the greatest common factor of 11 and 229647?
11
Calculate the greatest common factor of 11364 and 3.
3
What is the greatest common divisor of 12551 and 1197724?
1793
What is the highest common factor of 161874 and 306?
306
What is the highest common factor of 119360 and 40?
40
What is the highest common factor of 416893 and 10629?
1181
Calculate the greatest common divisor of 129228 and 220.
44
What is the greatest common factor of 35151 and 9?
3
Calculate the highest common factor of 5177 and 5332.
31
Calculate the highest common factor of 6 and 36795.
3
Calculate the highest common divisor of 1698018 and 56.
14
What is the highest common divisor of 22 and 357478?
22
What is the greatest common divisor of 975 and 2509?
13
What is the greatest common factor of 447354 and 1044?
522
What is the greatest common factor of 254 and 1027430?
254
Calculate the greatest common factor of 4086072 and 54.
54
What is the greatest common factor of 56 and 30068?
4
What is the greatest common factor of 37069 and 57?
19
What is the highest common factor of 121 and 695629?
121
What is the highest common divisor of 22540 and 5980?
460
What is the highest common divisor of 639 and 5202?
9
What is the highest common factor of 118 and 209686?
118
Calculate the greatest common factor of 670057 and 9022.
347
What is the greatest common divisor of 3536 and 2215304?
1768
Calculate the highest common divisor of 201 and 5147811.
201
Calculate the highest common divisor of 590 and 3320.
10
Calculate the greatest common divisor of 42 and 42882.
42
What is the highest common divisor of 143 and 24349?
13
Calculate the greatest common divisor of 266784 and 3864.
168
What is the highest common factor of 320 and 6354560?
320
What is the greatest common divisor of 6120 and 15810?
510
What is the greatest common divisor of 442 and 398086?
26
What is the greatest common divisor of 16340 and 3440?
860
What is the highest common divisor of 17 and 7472?
1
What is the highest common factor of 256 and 281760?
32
Calculate the highest common divisor of 15086 and 5168.
38
Calculate the greatest common factor of 18125 and 275.
25
What is the greatest common factor of 25805 and 715?
65
Calculate the highest common divisor of 7072 and 28808.
104
What is the greatest common factor of 21 and 11858?
7
Calculate the greatest common factor 